13 composite?
True
Is 6797147 a prime number?
False
Is 488461093 a composite number?
False
Is 222639695 a composite number?
True
Is 5740277 prime?
True
Is 29888777 a composite number?
False
Is 9116414 a composite number?
True
Is 93666553 a composite number?
False
Is 1430057 prime?
False
Is 255392063 a prime number?
True
Is 19499926 a composite number?
True
Is 174724519 a prime number?
True
Is 85207877 prime?
True
Is 1462129501 a prime number?
False
Is 700292023 a prime number?
False
Is 2570011 a prime number?
True
Is 9699539 a prime number?
False
Is 17500787 a composite number?
True
Is 504473 a composite number?
False
Is 2216573 composite?
True
Is 8599793 a prime number?
True
Is 7014479 a composite number?
True
Is 9440353 a prime number?
False
Is 8598307 a prime number?
True
Is 1407467 a prime number?
True
Is 748301 composite?
False
Is 605852102 a composite number?
True
Is 512989 composite?
False
Is 6174913 a prime number?
True
Is 1461973 a composite number?
False
Is 354015041 a composite number?
False
Is 12215527 composite?
False
Is 169068209 a prime number?
False
Is 442918433 composite?
True
Is 4402987 a composite number?
False
Is 46075609 prime?
False
Is 4075093 prime?
False
Is 6628607 a prime number?
True
Is 13463111 prime?
True
Is 816989 prime?
False
Is 1572334 a composite number?
True
Is 172374731 composite?
False
Is 185278949 composite?
False
Is 32562559 a composite number?
False
Is 10674383 prime?
True
Is 6609773 prime?
False
Is 2904073589 composite?
False
Is 7752217 composite?
True
Is 801078253 a prime number?
True
Is 26691421 a prime number?
False
Is 30465055 a prime number?
False
Is 700251037 composite?
False
Is 31385867 prime?
False
Is 6551497 prime?
True
Is 41510387 prime?
True
Is 56093171 prime?
False
Is 5039911 a prime number?
True
Is 438030089 a composite number?
True
Is 260317 a composite number?
False
Is 10502717 a prime number?
True
Is 962627 a prime number?
True
Is 1428811 composite?
False
Is 9228137 prime?
False
Is 13957421 composite?
True
Is 34331951 a composite number?
True
Is 81601577 a prime number?
False
Is 20297243 composite?
False
Is 33166477 composite?
False
Is 6822203 a composite number?
True
Is 280403 a composite number?
True
Is 1199707 a prime number?
False
Is 16385647 a prime number?
True
Is 1370657 a prime number?
True
Is 6884447 prime?
True
Is 636788747 a composite number?
True
Is 441679 a prime number?
False
Is 1977473 a prime number?
False
Is 2300563 composite?
False
Is 15810931 composite?
True
Is 1295949 prime?
False
Is 4045705 a composite number?
True
Is 876173 prime?
False
Is 47031973 composite?
True
Is 167234434 a prime number?
False
Is 107364947 prime?
False
Is 32617477 composite?
True
Is 3736981 a prime number?
True
Is 59226194 composite?
True
Is 3847237 a prime number?
True
Is 418651 composite?
True
Is 210702079 composite?
True
Is 1538167 a prime number?
True
Is 215071693 composite?
False
Is 31224811 a prime number?
True
Is 10197569 composite?
True
Is 19166779 a prime number?
True
Is 55649129 a composite number?
False
Is 465797 composite?
False
Is 1562963 a composite number?
True
Is 4645973 a prime number?
False
Is 1380031 prime?
True
Is 68589607 composite?
True
Is 5061559 prime?
False
Is 356387 prime?
True
Is 434615 composite?
True
Is 368189917 composite?
False
Is 54629683 a composite number?
False
Is 537782591 prime?
True
Is 43240339 a composite number?
False
Is 16014101 prime?
False
Is 437657593 prime?
False
Is 9184523 a prime number?
True
Is 13124447 a prime number?
False
Is 8496109 prime?
True
Is 65683951 prime?
True
Is 564619 a composite number?
True
Is 32017445 composite?
True
Is 21721451 prime?
False
Is 1444089 prime?
False
Is 22044619 composite?
True
Is 10970131 a composite number?
False
Is 9058289 composite?
False
Is 10215573 prime?
False
Is 161081 composite?
True
Is 1190237 composite?
False
Is 7469335 a composite number?
True
Is 179715883 composite?
False
Is 457583249 a composite number?
True
Is 45203569 a composite number?
False
Is 5098781 a composite number?
True
Is 16501613 a prime number?
True
Is 7099271 a composite number?
False
Is 58151217 a composite number?
True
Is 4104629 a composite number?
True
Is 10404283 composite?
True
Is 17517001 composite?
True
Is 2663189 prime?
True
Is 537359 a composite number?
True
Is 10862197 composite?
False
Is 26028881 prime?
True
Is 3457877 a composite number?
True
Is 3821233 composite?
True
Is 74507977 a composite number?
False
Is 55458283 composite?
True
Is 66537277 a composite number?
False
Is 12810485 prime?
False
Is 13231765 prime?
False
Is 2114059 a composite number?
False
Is 273694843 composite?
True
Is 40802521 prime?
True
Is 20322661 composite?
False
Is 377651159 a prime number?
False
Is 1298003 a prime number?
False
Is 18657917 a prime number?
True
Is 11519201 a prime number?
True
Is 13946717 a composite number?
True
Is 17720797 composite?
False
Is 10075097 a composite number?
False
Is 5931853 prime?
False
Is 570263 a prime number?
False
Is 1332887 a composite number?
True
Is 47187593 prime?
True
Is 43832683 composite?
False
Is 55696985 prime?
False
Is 108427 composite?
True
Is 3006037 prime?
True
Is 75630197 a prime number?
False
Is 78189679 a prime number?
False
Is 9831251 a composite number?
True
Is 872712163 a prime number?
False
Is 205979659 a composite number?
True
Is 286061 a composite number?
False
Is 42048791 composite?
True
Is 40587193 composite?
True
Is 109132613 a composite number?
False
Is 810239 a composite number?
False
Is 107029861 composite?
True
Is 2439023 composite?
True
Is 54750037 composite?
True
Is 11409161 composite?
False
Is 2812217 prime?
False
Is 6865541 a prime number?
False
Is 4359841 prime?
True
Is 12208583 composite?
True
Is 5759807 a prime number?
False
Is 211213 a prime number?
True
Is 4343221231 prime?
True
Is 7609 prime?
False
Is 544622839 prime?
True
Is 12455669 a prime number?
False
Is 3164063 a composite number?
True
Is 8586085 prime?
False
Is 307189349 composite?
False
Is 22334339 prime?
True
Is 3358939 a composite number?
True
Is 1022809 prime?
False
Is 198782911 a composite number?
False
Is 6956557 prime?
False
Is 3943517 a composite number?
False
Is 222916883 a prime number?
False
Is 187021 a prime number?
False
Is 3443783 prime?
False
Is 50805082 a prime number?
False
Is 8347879 a prime number?
True
Is 627458045 a composite number?
True
Is 12421757 composite?
False
Is 31373131 composite?
True
Is 2572937 a prime number?
True
Is 151160387 prime?
False
Is 7415689 a composite number?
True
Is 1262891 a prime number?
False
Is 6476917 a composite number?
False
Is 76630321 prime?
False
Is 78096769 a prime number?
False
Is 11691487 a composite number?
False
Is 724901 composite?
False
Is 138916151 composite?
True
Is 28770646 composite?
True
Is 12868409 composite?
True
Is 24704167 a composite number?
True
Is 2754379 a prime number?
True
Is 1362833 a composite number?
False
Is 6350573 prime?
False
Is 2287699 composite?
False
Is 7047169 a composite number?
False
Is 2457283 prime?
True
Is 575260555 prime?
False
Is 28573513 composite?
False
Is 1081973 composite?
True
Is 208961 composite?
False
Is 4631257 a prime number?
False
Is 2601661 composite?
False
Is 309066619 a prime number?
True
Is 6594247 prime?
False
Is 1969489 a prime number?
True
Is 10063297 prime?
False
Is 30173473 a composite number?
True
Is 7599727 prime?
False
Is 107571871 prime?
False
Is 3938651 a prime number?
False
Is 105332417 prime?
True
Is 1737979 a composite number?
False
Is 24873463 composite?
True
Is 17372297 a composite number?
False
Is 170757487 prime?
True
Is 129604247 prime?
True
Is 1281239 a prime number?
False
Is 114300331 composite?
False
Is 1388329 a composite number?
True
Is 397829 a prime number?
True
Is 129373691 composite?
False
Is 40721089 a composite number?
False
Is 41344603 composite?
True
Is 34133339 composite?
False
Is 6153179 prime?
False
Is 668687 prime?
True
Is 34854731 composite?
True
Is 9925067 composite?
True
Is 20861017 a composite number?
False
Is 19133867 a prime number?
True
Is 406122869 a composite number?
False
Is 3277181 prime?
True
Is 18509839 a prime number?
True
Is 5821931 composite?
False
Is 9248761 composite?
False
Is 1665181 composite?
True
Is 359270179 composite?
False
Is 1051819 composite?
False
